. Calculate u(64).
10
Let o(n) = -2*n**2 - 1402*n + 7072. What is o(5)?
12
Let z(c) = -7*c**2 - 24*c + 70. Give z(2).
-6
Let j(p) = 1260*p + 1228. Give j(-1).
-32
Let c(g) = 2*g**2 - 241*g - 8671. What is c(-29)?
0
Let d(x) = 532*x + 395. What is d(-1)?
-137
Let n(a) = 96*a - 1255. What is n(13)?
-7
Let t(g) = 2*g**2 + 12*g + 18. What is t(-5)?
8
Let j(g) = -6*g**2 + 255*g - 102. Determine j(42).
24
Let j(u) = -u**2 - 106*u - 515. Determine j(-101).
-10
Let x(k) = k**3 + 25*k**2 - 26*k - 1. What is x(-26)?
-1
Let m(q) = 510*q + 109. Determine m(0).
109
Let t(n) = 3*n**2 + 46*n + 128. Calculate t(-12).
8
Let m(p) = -2*p**2 + 29*p - 35. What is m(7)?
70
Let w(t) = -6*t**2 + 160*t - 1067. Determine w(14).
-3
Let u(g) = 19*g - 1546. What is u(81)?
-7
Let h(v) = v**3 - 10*v**2 + 3*v - 29. What is h(9)?
-83
Let y(u) = -682*u - 76382. Calculate y(-112).
2
Let s(v) = 4*v**2 - 6*v - 5. Give s(3).
13
Let i(f) = f**2 - 63*f + 855. Give i(37).
-107
Let h(v) = -22*v - 518. Determine h(-18).
-122
Let h(t) = 8*t**2 + 53*t - 409. What is h(7)?
354
Let k(l) = l**3 - 24*l**2 + 99*l - 59. Give k(19).
17
Let n(d) = -5*d - 363. Calculate n(-48).
-123
Let g(l) = -28*l + 139. Calculate g(7).
-57
Let c(r) = 97*r - 127. Give c(2).
67
Let b(r) = r**2 + 22*r - 1713. Give b(-43).
-810
Let m(a) = -a**3 - 5*a**2 - 176*a - 1086. Determine m(-6).
6
Let q(c) = -c**2 - 80*c - 1216. Calculate q(-69).
-457
Let j(v) = 506*v - 15175. Give j(30).
5
Let d(q) = 24*q**2 - 310*q - 7. Calculate d(13).
19
Let d(c) = c**3 + 13*c**2 + 3*c. Give d(-13).
-39
Let u(t) = -10*t + 227. What is u(-12)?
347
Let i(k) = 4*k**2 - 569*k + 721. Determine i(141).
16
Let d(o) = -26*o**2 + 210*o + 13. What is d(0)?
13
Let y(k) = -44*k**3 + 64*k - 66. Determine y(1).
-46
Let m(u) = -62*u + 107. Give m(2).
-17
Let d(k) = -k**2 - 15*k + 115. Calculate d(5).
15
Let j(q) = q**2 - 42*q + 51. Calculate j(41).
10
Let i(r) = 64*r + 2812. What is i(-44)?
-4
Let b(n) = -n**3 + 22*n**2 - 21*n + 454. Calculate b(22).
-8
Let u(f) = -2*f**3 + 21*f + 21. Give u(-6).
327
Let w(q) = 35*q**2 - 6*q + 4. What is w(1)?
33
Let v(l) = l**2 - 35*l + 220. Calculate v(25).
-30
Let d(k) = k**2 + 54*k - 1791. Calculate d(-74).
-311
Let f(c) = -65*c + 1889. Determine f(29).
4
Let q(p) = -278*p + 6414. Determine q(23).
20
Let p(v) = -106*v**2 - 3178*v + 62. What is p(-30)?
2
Let p(s) = 2*s**3 - 59*s**2 + 327*s + 64. What is p(22)?
-2
Let q(o) = o**3 - 15*o**2 - 36*o - 127. Give q(19).
633
Let d(t) = -2*t**2 - 555*t - 36913. Calculate d(-167).
-6
Let c(u) = 7*u + 38. What is c(1)?
45
Let s(j) = -2862*j**2 + 17174*j + 6. Calculate s(6).
18
Let w(r) = -r**2 + 140*r - 1264. Give w(130).
36
Let f(g) = 35*g - 4612. What is f(130)?
-62
Let n(i) = -49*i + 5153. Give n(105).
8
Let w(b) = 12*b + 68. Calculate w(13).
224
Let o(p) = p**2 + p - 35. Determine o(-13).
121
Let c(g) = -g**3 + 41*g**2 - 173*g + 932. What is c(37)?
7
Let l(b) = 28*b**3 + 23*b**2 - b + 2. Give l(-1).
-2
Let l(b) = 54*b**2 + 402*b - 259. Determine l(-8).
-19
Let f(b) = -156*b + 6078. Calculate f(39).
-6
Let m(b) = -b**3 - 11*b**2 - 8*b - 172. What is m(-11)?
-84
Let s(f) = f**3 + 4*f**2 - 149*f + 500. Give s(7).
-4
Let j(m) = 14*m - 685. What is j(39)?
-139
Let j(n) = -2*n**3 + 9*n. What is j(5)?
-205
Let y(q) = q**3 + 7*q**2 - 6*q - 32. Determine y(-7).
10
Let a(s) = 2*s**3 - 23*s**2 + 3*s - 28. Give a(11).
-116
Let j(o) = 16*o + 45. Give j(-10).
-115
Let f(s) = s**3 - 107*s**2 + 2586*s - 17. Determine f(37).
-165
Let j(q) = 291*q + 2053. Give j(-7).
16
Let s(z) = -12*z**3 - 266*z**2 - 39*z + 24. Calculate s(-22).
-86
Let z(v) = -5*v**3 + 40*v**2 - 29*v + 243. What is z(8)?
11
Let d(z) = 33*z**2 + 5*z + 8. Determine d(-2).
130
Let c(d) = -9*d**2 + 2862*d - 2861. Calculate c(1).
-8
Let g(r) = r**2 + 246*r - 1768. What is g(7)?
3
Let y(v) = 21*v**2 - 126*v - 504. Give y(-4).
336
Let g(b) = -18*b**2 + 219*b - 13. Determine g(12).
23
Let t(n) = 5*n**2 - 16*n + 18. Determine t(2).
6
Let h(t) = -t**2 + 233*t - 6768. Determine h(199).
-2
Let r(v) = v**2 - 64*v - 3202. Determine r(97).
-1
Let p(u) = -u**3 + 19*u**2 + 27*u - 125. Give p(20).
15
Let f(x) = 2*x**2 - 121*x + 572. Determine f(5).
17
Let o(j) = j - 85. Determine o(30).
-55
Let f(g) = 2*g**3 + 4*g**2 + 7*g - 12. What is f(1)?
1
Let y(g) = -680*g + 2732. Determine y(4).
12
Let a(d) = -7*d + 15. What is a(4)?
-13
Let b(s) = -8*s**2 - 9*s - 75. Determine b(10).
-965
Let b(r) = -r**3 - 4*r**2 - 644*r - 1911. What is b(-3)?
12
Let n(r) = r**2 + 118*r - 1221. What is n(-128)?
59
Let d(n) = 11*n**2 - 99*n - 7. Give d(10).
103
Let c(j) = -j**3 + 10*j**2 + 17*j + 12. Calculate c(10).
182
Let z(i) = 3*i**2 - 89*i + 594. Give z(10).
4
Let o(s) = -s**3 - 15*s**2 + 156*s + 57. Calculate o(-22).
13
Let x(o) = -123*o - 1577. Calculate x(-12).
-101
Let o(k) = 2*k**3 + 300*k**2 - 691*k - 12611. Determine o(-152).
5
Let n(j) = j**2 - 76*j + 1502. Give n(46).
122
Let m(r) = r**3 + 6*r**2 + 2*r - 13. Determine m(-2).
-1
Let o(x) = 2*x**2 - 85*x + 890. Give o(22).
-12
Let b(v) = -2*v**3 + 2*v**2 + 7*v + 6. Give b(-3).
57
Let t(y) = y**3 - 26*y**2 - 713*y + 18540. Determine t(27).
18
Let v(u) = -28*u - 58. Calculate v(4).
-170
Let c(a) = -9*a**2 + 1407*a - 4211. What is c(3)?
-71
Let q(h) = -h**3 + 49*h**2 + 51*h - 35. Give q(50).
15
Let t(l) = 119*l - 2386. What is t(20)?
-6
Let w(b) = 24*b - 308. Give w(19).
148
Let j(i) = -6*i**2 + 26*i + 9. Determine j(4).
17
Let d(p) = -139*p - 20. What is d(1)?
-159
Let r(p) = 161*p - 34300. Determine r(213).
-7
Let g(p) = 2*p**3 + 12*p**2 - p - 14. Calculate g(-6).
-8
Let c(r) = -7*r**2 - 96*r + 37. Calculate c(-9).
334
Let x(r) = 143*r**3 + 5*r**2 - 19*r - 23. Calculate x(-1).
-142
Let j(m) = m**3 - 228*m**2 + 6908*m + 770. What is j(192)?
2
Let w(m) = 2*m**3 - 64*m**2 + 222*m + 38. Calculate w(28).
-18
Let j(r) = -2*r**2 + 49*r + 71. Give j(26).
-7
Let o(a) = a**3 + 6*a**2 - 10. Determine o(-2).
6
Let h(d) = 21*d + 3. Determine h(-2).
-39
Let n(u) = 3*u**2 - 514*u - 2641. What is n(-5)?
4
Let k(f) = 6*f**3 - 50*f**2 + 149*f - 1073. Determine k(8).
-9
Let h(o) = -o**2 - 19*o - 123. Give h(-5).
-53
Let o(l) = 399*l + 73811. What is o(-185)?
-4
Let r(b) = b**3 + 5*b**2 - 3*b + 14. What is r(-7)?
-63
Let n(h) = 7*h**3 + h**2 - 61*h + 222. Determine n(5).
817
Let h(r) = 8*r**2 + 33*r - 7. Calculate h(-1).
-32
Let w(y) = 3*y**2 - 7*y + 16. Determine w(-4).
92
Let q(i) = -119*i - 3025. Give q(-25).
-50
Let b(y) = y**3 - y**2 - 4*y + 263. What is b(0)?
263
Let m(g) = g**3 + g**2 - 18*g + 27. Give m(0).
27
Let d(t) = t**3 + 80*t**2 - 79*t + 149. What is d(-81)?
-13
Let q(n) = -n**2 - 313*n + 2904. Determine q(9).
6
Let c(u) = -6*u**2 + 77*u + 2. Calculate c(-3).
-283
Let w(j) = -102*j + 12605. Give w(123).
59
Let p(n) = 3*n**2 - 34*n + 3. Determine p(0).
3
Let v(l) = 5*l**2 + 28*l - 6. Calculate v(-8).
90
Let z(u) = -u**3 + 7*u**2 + 46*u + 27. Determine z(-4).
19
Let w(n) = -n**2 + 52*n + 928. Give w(-14).
4
Let l(o) = -10*o + 167. Calculate l(14).
27
Let w(q) = -q**2 + 5*q + 15. Determine w(-3).
-9
Let g(k) = -k**3 + 18*k**2 - 16*k + 162. Calculate g(14).
722
Let b(n) = -4*n**3 + 9*n**2 - 80*n + 33. What is b(6)?
-987
Let p(c) = 1347*c + 5399. What is p(-4)?
11
Let x(c) = -c**2 - 21*c - 123. Give x(-12).
-15
Let p(i) = -9905*i + 49529. Give p(5).
4
Let s(b) = 3*b**3 - 6*b**2 + 4*b + 2. Determine s(-2).
-54
Let j(s) = -3*s**2 + 33*s - 163. Determine j(8).
-91
Let k(c) = 326*c + 54115. What is k(-166)?
-1
Let o(c) = c**3 - 6*c**2 - 19*c + 12. Determine o(8).
-12
Let r(n) = -6657*n - 39946. What is r(-6)?
-4
Let y(f) = -f**3 - 8*f**2 + 13*f. Calculate y(2).
-14
Let q(c) = c**3 - 65*c**2 - 61*c - 222. What is q(66)?
108
Let w(p) = -422*p - 1684. Calculate w(-4).
4
Let u(a) = -10*a + 369. Give u(28).
89
Let u(t) = -2*t**2 + 80*t + 2132. What is u(-18)?
44
Let s(g) = 3*g**3 + 79*g**2 + 21*g - 153. What is s(-26)?
-23
Let l(f) = -22*f - 324. Give l(-9).
-126
Let y(p) = p**2 - 171*p + 5220. Calculate y(132).
72
Let w(s) = -64*s - 76. Determine w(-3).
116
Let r(l) = l**2 - 46*l - 82. Give r(48).
14
Let a(r) = -2*r**3 + 111*r**2 + 40*r + 884. Calculate a(56).
-12
Let t(o) = -4*o - 95. Give t(-27).
13
Let q(z) = z**2 + 361*z - 3330. What is q(9)?
0
Let w(c) = -6*c**2 - 19*c - 58. Calculate w(-8).
-290
Let r(l) = 